ase 2) to base 16
2d5df
Convert 1101101102111 (base 3) to base 14.
152263
Convert 201112022011101 (base 3) to base 9.
21468141
What is -1255794 (base 10) in base 7?
-13450131
Convert 342221410 (base 5) to base 12.
6156a3
What is -1434056 (base 7) in base 14?
-5072d
What is 2133415 (base 6) in base 11?
72523
What is -46369 (base 13) in base 2?
-11111010000010100
14432336 (base 9) to base 6
413333310
What is -10001000010110100 (base 2) in base 16?
-110b4
What is -263b25 (base 13) in base 2?
-11100001001101000001
What is -3041330 (base 5) in base 14?
-14102
-132331134 (base 5) to base 11
-4166a2
Convert 7215545 (base 9) to base 7.
44500046
Convert -39789d (base 16) to base 9.
-7070511
-11001011101101110 (base 2) to base 14
-2a022
What is 6cea (base 15) in base 7?
124360
What is -5533358 (base 9) in base 14?
-576088
What is -100101110100111010 (base 2) in base 13?
-556a4
-4245554 (base 7) to base 10
-515813
Convert -2112101101000 (base 3) to base 8.
-5104724
What is 30103133 (base 4) in base 11?
34958
What is 6488646 (base 9) in base 16?
35282a
32132062 (base 8) to base 11
3967478
14c0ca0 (base 13) to base 5
3201004441
What is -a427 (base 14) in base 6?
-334455
-12202000101 (base 3) to base 8
-334555
What is -20a317 (base 13) in base 14?
-15cb6b
-a29385 (base 13) to base 5
-1432243231
1132002 (base 6) to base 12
2a002
What is -1c87012 (base 13) in base 3?
-122220222111111
-20221113323 (base 4) to base 13
-6148c4
Convert 143214021 (base 5) to base 8.
2707212
4154531 (base 6) to base 3
101021000101
Convert 1b9633 (base 14) to base 9.
1762867
6771858 (base 9) to base 8
15727502
-20222122121 (base 3) to base 8
-414467
Convert -3a42311 (base 12) to base 2.
-101011111111101100111101
What is 12011122102011 (base 3) in base 10?
2748631
What is 10413410 (base 5) in base 2?
10110011001010010
-1981c74 (base 13) to base 11
-4818a94
What is 654a58 (base 11) in base 15?
159e58
-49508 (base 10) to base 9
-74818
Convert 10c9352 (base 15) to base 2.
101101111000110101000100
551140 (base 7) to base 5
11041320
What is 1101000010100000011111 (base 2) in base 15?
477bb3
-17aa714 (base 13) to base 2
-11101100000010101110000
-31ab (base 14) to base 4
-2012003
What is -225004433 (base 6) in base 10?
-4153413
Convert 212313110301 (base 4) to base 8.
46672461
What is 11041130223 (base 5) in base 10?
12051938
-4728 (base 10) to base 4
-1021320
Convert -1224414 (base 6) to base 11.
-454a5
Convert -191cae (base 15) to base 10.
-1221239
-90a4a08 (base 11) to base 4
-331121323221
Convert 1d966c (base 15) to base 11.
8aa9a0
What is -5443 (base 9) in base 15?
-12c3
-279ba8 (base 12) to base 10
-660080
-142cd5 (base 16) to base 15
-1b1b67
-120230430 (base 5) to base 8
-2074153
Convert -164645 (base 9) to base 11.
-6a589
-140431504 (base 6) to base 8
-12640500
-688871 (base 14) to base 12
-1236b6b
Convert -6856d (base 15) to base 8.
-1210312
Convert -2111012 (base 4) to base 8.
-22506
What is 2080968 (base 12) in base 10?
6139232
What is -44004015 (base 7) in base 15?
-4e5d6c
What is 13013003 (base 5) in base 7?
1033233
What is -1045551 (base 6) in base 7?
-310621
What is -eb81b (base 15) in base 9?
-1358578
1002848 (base 13) to base 7
56035154
-11612542 (base 8) to base 4
-21301111202
What is 213483 (base 9) in base 16?
1f10d
202020201 (base 4) to base 16
22221
-320112302 (base 4) to base 7
-1650662
What is -112020001201 (base 3) in base 7?
-2244163
Convert 3303662 (base 8) to base 4.
3120132302
244a0a (base 11) to base 3
201200011010
-221505 (base 7) to base 3
-1222111210
Convert 125562 (base 11) to base 14.
52069
Convert 156063 (base 10) to base 9.
257063
Convert -70174252 (base 8) to base 5.
-12233244342
Convert -112542004 (base 6) to base 14.
-3c84ba
Convert -50535124 (base 6) to base 12.
-5974a4
-13042243313 (base 5) to base 12
-5426606
12123265 (base 7) to base 2
100001000000100011000
What is 98087 (base 10) in base 7?
555653
17505a (base 11) to base 9
451646
3032022320 (base 4) to base 6
30033332
What is -2604269 (base 10) in base 15?
-36697e
Convert -31702 (base 16) to base 15.
-3eeed
Convert -124431114 (base 5) to base 7.
-5205656
Convert -1234252 (base 6) to base 11.
-46428
What is 100000010111001101010 (base 2) in base 10?
1060458
What is -2512315 (base 7) in base 3?
-121101111101
244eb (base 16) to base 14
3c2a7
2276447 (base 8) to base 15
c43c8
What is 303153322 (base 6) in base 12?
18a5842
20034323 (base 6) to base 11
356337
-1001001100001100101 (base 2) to base 16
-49865
Convert -6e016 (base 16) to base 14.
-ba2c6
What is 13342244 (base 5) in base 7?
1110666
What is 133516 (base 7) in base 10?
25297
-3a2507 (base 11) to base 5
-130222322
What is -ba7a3 (base 15) in base 12?
-246969
Convert -2856308 (base 10) to base 9.
-5333105
What is -1eee (base 16) in base 14?
-2c58
What is 1023324 (base 5) in base 9?
25705
2480a (base 16) to base 6
3112110
Convert ba337a (base 14) to base 5.
3103343102
33003304 (base 6) to base 16
ef638
7920104 (base 10) to base 2
11110001101100111101000
1121210333 (base 4) to base 12
1583bb
Convert 101212001 (base 4) to base 8.
214601
-11341434343 (base 5) to base 6
-1151351123
Convert 72917a (base 12) to base 10.
1799086
Convert -1330011203 (base 4) to base 2.
-1111100000101100011
Convert 1071854 (base 11) to base 3.
10112022221112
Convert -12172 (base 11) to base 10.
-17503
7537e (base 15) to base 13
10045a
-1d4ff (base 16) to base 6
-2323503
1788 (base 13) to base 10
3492
Convert 1000010111001110101000 (base 2) to base 6.
114553304
What is -1414056 (base 7) in base 12?
-91243
551700 (base 9) to base 14
8804a
What is 682636 (base 10) in base 15?
d73e1
-120c277 (base 14) to base 11
-4970351
Convert 3149 (base 16) to base 7.
51533
191546 (base 10) to base 6
4034442
-11001020120 (base 3) to base 7
-451116
What is 10111001011111100 (base 2) in base 6?
2011404
100000110111001000101 (base 2) to base 11
676024
What is a371d (base 16) in base 11?
417a89
Convert 11010011001001111 (base 2) to base 3.
12111022010
3333032200 (base 4) to base 15
159b3d
Convert 143250 (base 8) to base 10.
50856
Convert 12052 (base 8) to base 9.
7065
-112310311 (base 4) to base 12
-46131
Convert -38ec6 (base 15) to base 8.
-543703
9d914 (base 14) to base 9
643575
Convert 2330545 (base 8) to base 12.
267745
What is 12022000111110 (base 3) in base 13?
7773cc
What is 1525 (base 8) in base 9?
1147
What is -2f7c56 (base 16) in base 7?
-35310644
What is 1794d8 (base 16) in base 9?
2814836
-4b928f (base 16) to base 4
-102321022033
What is -2d2e84 (base 15) in base 16?
-215e93
Convert -5557 (base 16) to base 5.
-1144342
34c693 (base 15) to base 7
30304362
Convert 652106 (base 8) to base 4.
311101012
What is -2610066 (base 7) in base 8?
-1225235
What is 27427 (base 16) in base 13?
5826a
1213101124 (base 5) to base 12
b60774
1d090c (base 15) to base 6
50231533
What is 1306525 (base 8) in base 14?
96861
-5123708 (base 10) to base 6
-301452512
What is -13144112 (base 5) in base 8?
-400125
What is 11903 (base 12) in base 6?
302003
-10013113322 (base 4) to base 13
-2ba03c
Convert 8165c (base 13) to base 6.
4545012
46633410 (base 7) to base 2
1111101011010000011111
What is -111110010011001010000110 (base 2) in base 12?
-557705a
What is -3133222132 (base 4) in base 10?
-916126
Convert -1062026 (base 8) to base 15.
-5a3e6
What is -56a55 (base 13) in base 5?
-20021442
122122100111202 (base 3) to base 2
100011110001000100101000
61893 (base 13) to base 12
85363
What is 212204135 (base 6) in base 4?
32103101123
-2257b3 (base 13) to base 14
-171cd8
-211051 (base 7) to base 3
-1211220221
Convert 2a090 (base 13) to base 4.
103111221
-23444206 (base 7) to base 15
-2b0c11
1305032303 (base 6) to base 11
8737974
-5da64c (base 15) to base 4
-101020032330
What is -122022222220 (base 3) in base 12?
-145529
What is 554726 (base 15) in base 13?
ac43bb
-11401023 (base 5) to base 12
-51698
What is -1100110101001000011 (base 2) in base 7?
-3400466
1040583 (base 9) to base 10
558165
What is 66666 (base 9) in base 11?
30300
-274bb5 (base 15) to base 4
-13031033312
23a090 (base 11) to base 12
1636b6
Convert 118803 (base 13) to base 12.
182429
Convert -123231321 (base 7) to base 5.
-3444244111
Convert 201131113 (base 4) to base 16.
21757
Convert 100000010101110011 (base 2) to base 14.
363bd
Convert -12010111